r(u) = u**3 + 2*u**2 - u - 2. Let a be r(-2). Calculate l(a).
6
Suppose 17*y - 16*y = 4. Suppose 4*q - 40 = -8. Suppose -d - 4 = 4*b, y*b - d = d + q. Let w(t) = t - 12. What is w(b)?
-12
Let m be (-2)/(0 + (-2 - -1)). Let l(j) = -3*j - 2*j + 3*j + 1 - 12*j**m. Let o(n) = n**3 - 4*n**2 - 10*n - 11. Let u be o(6). Calculate l(u).
-13
Let u(m) = 0*m - 22*m + m. Let w be ((-16)/48)/(1/3). Calculate u(w).
21
Let d(j) = 10*j - 8. Let i(a) = -3*a + 2. Let c(p) = 2*d(p) + 7*i(p). Calculate c(11).
-13
Let g be (-1096)/40*(1 + -6). Let l = -149 + g. Let t(x) = -x**3 - 12*x**2 - x - 14. Determine t(l).
-2
Let m(r) be the second derivative of -r**7/2520 - r**6/720 + r**5/120 - r**4 + 17*r. Let k(y) be the third derivative of m(y). Determine k(3).
-11
Let n(x) be the third derivative of -x**5/30 - x**4/24 + x**3/3 - 46*x**2. What is n(2)?
-8
Let i(t) = 6 - 2*t**2 + 7*t**2 + t**3 - 5 - 2*t**2 + 5*t + 6. Give i(-3).
-8
Let b(d) = -43*d**3 - 10 + 7 + 42*d**3 - 3*d**2 + 3*d. Determine b(-4).
1
Let v(h) be the third derivative of -h**5/12 + 231*h**2. Calculate v(-1).
-5
Let k(g) = 21*g - 43*g + 21*g + 12. Let w be (-4)/(-12) + (-22)/(-6). Let j be (-228)/(-44) + w/(-22). Give k(j).
7
Suppose 2*v + 6 = -4. Let b(j) = -j**3 - j**2 - j - 1. Let l = 1 - 2. Let k(i) = 2*i**3 + 5*i**2 - 4*i + 8. Let h(g) = l*k(g) - b(g). Determine h(v).
-7
Let k(t) be the third derivative of t**5/10 - t**4/12 + t**3/3 - 12*t**2 + 2*t. What is k(1)?
6
Let a(d) = 3*d**2 - 6*d - 7. Let f be a(3). Let g(w) = -1 + 7*w**2 - f + 0 - 6*w**2 + 3*w. What is g(-4)?
1
Let n(j) be the third derivative of -j**4/24 - j**3/3 - 2*j**2 + 57*j. Calculate n(-7).
5
Let l be (6 - 10)/((-2)/3). Let r(i) be the second derivative of 1/12*i**4 + 17*i - i**3 + 0 + 7/2*i**2. Determine r(l).
7
Let m(t) = -t**3 - 5*t**2 + t. Suppose -5*z - 2*j = -24, 3*z - 10 = -3*j + 8. Let o(x) = 2*x**3 + 10*x**2 - x + 1. Let v(u) = z*o(u) + 7*m(u). What is v(-5)?
-11
Let d(f) = -2*f**2 - 3*f + 4. Suppose 5*t - 29 + 4 = -5*q, 3*q + 2*t = 12. Suppose 4*y = 0, -q*w + 2*y = -y - 6. Let i be w*(3/3)/(-1). Calculate d(i).
-5
Suppose 39*h = 15*h - 144. Let j(p) = 4*p + 16. Give j(h).
-8
Suppose 0 = 8*z - 6*z - 4. Let f(m) be the first derivative of m**4/4 - 4*m**3/3 + m**2 + m - 43. Determine f(z).
-3
Let l(k) be the second derivative of -k**3/3 - 5*k**2/2 - 256*k - 2. What is l(-6)?
7
Let r(a) = 14 - 12*a**2 - a - 4*a + 3*a**2 + 3*a**2 + 5*a**2. Calculate r(-7).
0
Let x(s) be the first derivative of -s**2 + 4*s - 230. Let f = -2 - -7. Give x(f).
-6
Let h(q) = 67*q + 52. Let w(u) = -23*u - 18. Let a(t) = -6*h(t) - 17*w(t). Calculate a(5).
-61
Let z be (-1)/(3/(12/(-2))). Let k(h) = 3*h - h**3 + 12 + 7*h**z - 8*h - 12. Let m be k(6). Let c(w) = -w**3 + 7*w**2 - 3*w - 4. What is c(m)?
14
Let m(n) = n**2 + 5*n - 10. Let r(u) = u**2 + 15*u + 19. Suppose 6*x = 2*x - 52. Let q be r(x). Determine m(q).
4
Let i be (-66)/(-264)*(-1 - -1). Let y(h) be the second derivative of -1/6*h**3 + 8*h - 2*h**2 + i. Calculate y(0).
-4
Let y = -1366 - -2733/2. Let z(q) be the second derivative of y*q**3 - 8*q + 0 + q**2. Calculate z(-3).
-7
Let g(f) = f**3 + 9*f**2 - 3. Suppose u - 4*w - 3 = 0, 0 = -2*u - 10*w + 14*w - 6. Give g(u).
-3
Let d(v) = 8*v + 1. Let f = 162 - 163. Give d(f).
-7
Let d be (-2 + -2)/(10/15). Let w(j) be the first derivative of j**3/3 + 9*j**2/2 + 6*j + 12. Calculate w(d).
-12
Let p = 279 + -274. Let r(x) = 2*x - 1. Give r(p).
9
Let f(x) = -x**3 - 6*x**2 + 82*x + 491. Let j be f(-6). Let t(v) be the third derivative of v**4/4 + v**3/6 - v**2. Give t(j).
-5
Let v(t) = 3*t + 11. Let c(n) = -n**3 + 5*n + 7. Let w be c(3). Give v(w).
-4
Let z = 6 + -4. Let g(n) = 15*n - 8*n + 0*n**2 + n**z. Let k = 4 - 7. Give g(k).
-12
Let i be 3/(-9)*-6 + 1. Let b(y) = -37 + y**2 + 8*y - i*y + 32. Calculate b(-5).
-5
Let n(c) = c - 4. Suppose -4*v + 40 = -12. Suppose 4*d + 5*y + 46 = 0, 3*d = y - v - 12. Give n(d).
-13
Let d(z) = -z**3 - 2*z**2 + 3*z + 2. Let q be d(-3). Let w = q + -2. Suppose w = -b + 2*f + 14, f + 12 = 3*b - 5. Let n(o) = -2*o + 5. Give n(b).
-3
Let o(b) = -b**3 + 10*b**2 - b + 4. Let w = -68 + 90. Let y be ((-165)/w)/((-3)/4). What is o(y)?
-6
Let g(f) = -21*f**2 + 8*f + 29. Let t(b) = 18*b**2 - 8*b - 25. Let x(c) = 5*g(c) + 6*t(c). What is x(6)?
55
Let c(b) be the first derivative of -b**3/3 + b - 14. Suppose -2*s + 1 = -3*s. Determine c(s).
0
Let a(q) = 21*q - 5. Let i(n) = -n + 1. Let p(k) = 1. Let j(g) = -4*i(g) + 3*p(g). Let l(t) = -2*a(t) + 11*j(t). What is l(1)?
1
Let z(c) = 5*c + 2. Let w(p) = p. Let j(m) = -2*w(m) + z(m). Suppose 2*a + 20 = 2*q + 6*a, -3*q - a + 5 = 0. Let d be -6 - (q + 20/(-5)). What is j(d)?
-4
Let r(u) = 3*u**3 + 2*u**2 - 4*u + 2. Let h = 2008 + -2006. Give r(h).
26
Let t(q) = -37 + 2*q - 16 - 1. Calculate t(24).
-6
Suppose -6*v + 10 = -2. Let m(b) = -2*b**2 + 3*b**2 + 2*b**3 - 6*b**3 + 1 - 2*b + b**v. Calculate m(1).
-3
Let l(i) = i**2 + 12*i - 2. Let g be l(-10). Let t = -20 - g. Let f(a) = a + 5*a**2 - 5*a**2 + a**t. What is f(-2)?
2
Let u be 8 - (-3)/((-3)/4). Suppose -4*d = -2*z - 24, 5*d - 13 = u*z + 17. Let f(t) = -2*t - t + 10*t - d - t**2. Determine f(4).
6
Let i be (1/2)/((-22)/(-176)). Let l be i/((3/(-9))/((-1)/(-3))). Let q(x) = x**3 + 2*x**2 - 7*x - 6. Calculate q(l).
-10
Let a(y) = y**3 - y**2 + 1. Let i(o) = 5*o**3 - 5*o - 2. Let x(t) = -4*a(t) + i(t). Calculate x(-4).
14
Let q(g) be the second derivative of -5*g**3/6 - g**2/2 + 268*g. What is q(0)?
-1
Let d(b) = -b**3 - 6*b**2 - 4*b - 8. Let t be 5*-8*(-1)/(100/(-15)). What is d(t)?
16
Let p(b) = 2*b**3 - b**2 + b - 7. Let v(r) = 5*r**3 - 2*r**2 + 3*r - 15. Let o(k) = -9*p(k) + 4*v(k). Calculate o(-2).
-15
Let n = -349 - -358. Let x(w) = w**2 - 10*w - 5. Determine x(n).
-14
Let g(d) be the second derivative of -1/20*d**5 + 15*d - 1/2*d**2 + 0*d**4 + 0 + 1/6*d**3. Determine g(0).
-1
Let o be -4*1 - (-4 - 0). Suppose -g + 4*n + 71 = o, g + 5*n - n = 63. Let w(c) = -67*c + 0 - 3*c**3 - 1 + g*c. Calculate w(1).
-4
Suppose -4*u = -18 - 2. Let c(l) = -l - 8. Suppose 33 = 5*g - 0*y + 2*y, -g = 3*y - 17. Let x(k) = -k - 7. Let r(v) = g*c(v) - 6*x(v). Give r(u).
7
Let h be 8/(-18)*-6*33/484*-11. Let v(n) be the first derivative of -n**2/2 + 2*n + 1. Calculate v(h).
4
Let x(a) be the third derivative of -a**5/60 + a**4/6 + a**3/3 + 40*a**2. Give x(5).
-3
Suppose -2*x + 4*d - 63 = -3*x, -2*x - 5*d + 111 = 0. Suppose -15 = -x*m + 38*m. Let q(u) = u**2 - 4*u - 1. What is q(m)?
-4
Let a(m) = 2*m**2 - 4*m - 1. Suppose 5*z = 16 - 1. Let o be a(z). Let r(k) = 5 - 2*k**3 + o - 9 + 2*k**2 - 2*k. What is r(1)?
-1
Let s(g) = -46*g - 76. Let q(l) = 14*l + 25. Let n(k) = -10*q(k) - 3*s(k). Determine n(-11).
0
Let j be (0*6*(-6)/(-108))/2. Let u(x) = -x - 35. Calculate u(j).
-35
Let m(u) = 2 + 21*u + 1 - 39*u + 2 + 19*u. Calculate m(-9).
-4
Let g(m) = 14*m. Let v be g(2). Suppose -c = -3*h - 0*h + 2, -2*h + v = -4*c. Let k(j) = 4*j**3 - 2*j**3 - j**3 + 29*j + 9*j**2 - 22*j - 10. Calculate k(c).
-2
Let g(s) be the second derivative of -s**5/4 - s**4/6 - s**3/3 - s**2/2 - s + 15. Calculate g(-1).
4
Let h(t) = -4*t**3 + 3*t**2 - 7*t - 9. Let y(z) = 3*z**3 - 3*z**2 + 6*z + 8. Let o(s) = 4*h(s) + 5*y(s). Let a = -25 - -14. Let m = 8 + a. Determine o(m).
-2
Let j(a) = -a**2 - 6 + 9*a - 6 - 3 + 2. Determine j(8).
-5
Let a(l) = 85*l - 61. Let s(c) = 42*c - 30. Let g(j) = 3*a(j) - 7*s(j). Let p(i) = 3*i - 2. Let f(b) = -2*g(b) - 27*p(b). What is f(1)?
-3
Let x(v) = -v**3 - 3*v**2 + 12*v. Let z be x(-6). Let c(p) = -5 - z*p**3 - 3*p - 2*p**2 + 37*p**3 + 7*p**2. What is c(-5)?
10
Let a be (-54)/12*-1*(-2)/(-3). Let m(j) = -4*j - 10. Let i(f) = f. Let b(x) = -3*x + 3. Let o(r) = -b(r) - 4*i(r). Let z(c) = -6*m(c) + 21*o(c). What is z(a)?
6
Let k(q) = q**3 + 42*q**2 - 88*q. Let h be k(-44). Let n(j) be the first derivative of -j**3/3 - j**2/2 - 12*j - 2. Calculate n(h).
-12
Let u = -21 + 27. Let w(b) = -u - 22*b + 9*b - 4*b**2 - b**3 + 8*b. Suppose -8 = -2*m + 4*n, 5*n = -26 + 6. What is w(m)?
14
Let v(t) = t**2 - 3*t - 2. Suppose 7*r - 2*r - 3 = -4*x, 3*x + 21 = 4*r. Let o be v(r). Let z be 0*((-4 - o) + 3). Let i(a) = a**3 - a - 3. Give i(z).
-3
Let x(z) = -3*z - 1. Let w(d) = -d**3 - 8*d**2 - 7*d - 2. Let h be w(-7). Let r be 201/12 - h/8. Let u = r - 20. Determ